9).
10
Let q(u) = u + 17. Determine q(-13).
4
Let l(b) = b - 33. What is l(2)?
-31
Let u(o) = 8*o**2 - 1. Calculate u(-2).
31
Let y(k) = k**2 + 19*k - 19. Determine y(-20).
1
Let c(y) = y**3 - 5*y**2 - 4*y + 23. Give c(5).
3
Let j(t) = 3*t + 54. What is j(-17)?
3
Let w(z) = 11*z + 3. Calculate w(-7).
-74
Let h(k) = -2*k + 11. Calculate h(3).
5
Let b(a) = -a**2 - a + 3. Determine b(0).
3
Let b(h) = -h**2 + 35*h - 267. Give b(11).
-3
Let m(h) = 2*h**2 - 2*h + 15. What is m(-5)?
75
Let j(z) = -5*z**3 - 17*z**2 - 4*z - 5. Determine j(-3).
-11
Let i(b) = -b. Calculate i(10).
-10
Let p(l) = -l - 19. Determine p(-11).
-8
Let m(i) = -9*i**2 + 4*i - 5. Calculate m(1).
-10
Let u(t) = -t**3 + 16*t**2 + 41*t - 94. Determine u(18).
-4
Let n(i) = -i - 14. Give n(-7).
-7
Let u(a) = -2*a**2 + a - 1. What is u(-2)?
-11
Let c(y) = -y**3 + 7*y**2 - 4*y - 15. Give c(3).
9
Let d(y) = 5*y + 2. Give d(2).
12
Let v(u) = 4*u - 6. What is v(5)?
14
Let g(z) = z**2 + 19*z + 34. Give g(-14).
-36
Let r(p) = p**2 + 6*p - 14. Give r(-6).
-14
Let s(g) = 2*g**2 - 2*g + 3. What is s(2)?
7
Let u(s) = -s**2 - 3*s + 5. Determine u(-4).
1
Let f(n) = n**2 + 5*n - 45. What is f(7)?
39
Let x(w) = -w**2 + 15*w - 2. Calculate x(7).
54
Let l(g) = 121*g. Calculate l(-1).
-121
Let m(b) = -10*b**3 - 2*b + 1. Calculate m(1).
-11
Let d(h) = -h**3 + 2*h**2 + 23*h + 6. Give d(-4).
10
Let l(y) = 2*y - 1. Determine l(5).
9
Let z(v) = -v**2 + 3. Calculate z(3).
-6
Let t(z) = 2*z - 12. Give t(14).
16
Let g(n) = 2*n - 10. Calculate g(-10).
-30
Let h(j) = -j**3 - 16*j**2 + j + 15. What is h(-16)?
-1
Let q(v) = -v**2 - 10*v - 6. Calculate q(-8).
10
Let u(i) = -i**3 - 15*i**2 + 16*i + 5. Calculate u(-16).
5
Let g(r) = 6*r**3 - 3*r**2 + r - 2. What is g(2)?
36
Let j(f) = -f**3 - 2*f**2 + 84*f - 18. Give j(8).
14
Let z(f) = -41*f - 69. Calculate z(-7).
218
Let x(i) = -i**3 + 4*i**2 + 24*i - 20. What is x(7)?
1
Let r(a) = a**3 + 8*a**2 + 7*a - 5. Give r(-6).
25
Let o(r) = r**2 + 25*r + 14. What is o(-24)?
-10
Let o(q) = -15*q - 9. Calculate o(-6).
81
Let t(w) = -w**3 - 2*w**2 - 4*w - 3. Give t(-2).
5
Let a(x) = -x**3 + 16*x**2 - 16*x + 13. Calculate a(15).
-2
Let m(w) = -2*w - 19. What is m(-13)?
7
Let j(u) = -u**3 + 8*u**2 - 7*u + 2. Calculate j(7).
2
Let q(o) = 17*o - 2. Determine q(1).
15
Let a(l) = 3*l**3 - 5*l**2 + 9*l - 18. Determine a(2).
4
Let i(q) = -q**2 - 28*q + 4. Give i(0).
4
Let q(r) = -6*r - 30. Determine q(11).
-96
Let d(f) = f**2 - 11*f - 120. Give d(-7).
6
Let s(h) = -h**3 - 7*h**2 + 3. Determine s(-7).
3
Let a(z) = -2*z + 27. Determine a(14).
-1
Let f(l) = -4*l + 74. Give f(16).
10
Let t(h) = -10*h + 38. Give t(3).
8
Let m(s) = -s**3 - 7*s**2 - 13*s - 7. Give m(-5).
8
Let j(g) = 2*g**2 - 4*g - 4. Determine j(4).
12
Let q(t) = 3*t - 5. Give q(3).
4
Let p(u) = 3*u**2 - 58*u + 195. Calculate p(4).
11
Let o(j) = -j**2 - 13*j - 9. Calculate o(-14).
-23
Let n(x) = -x**3 - 8*x**2 + x + 1. Determine n(-8).
-7
Let f(w) = w**3 + 23*w**2 + 104*w + 6. Calculate f(-17).
-28
Let k(m) = -m**2 + 13*m - 48. Give k(5).
-8
Let l(b) = -43*b - 38. Determine l(-1).
5
Let q(l) = -21*l**2 - 3*l + 1. Determine q(1).
-23
Let t(v) = v**3 - 6*v**2 + v + 17. Calculate t(5).
-3
Let r(z) = 83*z - 655. Calculate r(8).
9
Let s(r) = r**3 + 7*r**2 + 1. Determine s(-7).
1
Let o(j) = -4*j + 2. Determine o(10).
-38
Let y(z) = 3*z + 48. Determine y(-15).
3
Let h(s) = -s**3 - 4*s**2 + 5*s + 2. Determine h(-5).
2
Let m(v) = -5*v + 11. Calculate m(4).
-9
Let i(w) = -2*w**2 - 50*w + 209. What is i(4)?
-23
Let t(q) = -q**3 - 7*q**2 - 8*q - 5. Determine t(-5).
-15
Let m(n) = -4*n + 7. Give m(-11).
51
Let u(t) = -2*t**2 + 24*t + 180. Determine u(17).
10
Let b(q) = -6*q - 1. Determine b(2).
-13
Let c(f) = f**3 - 5*f**2 + 3*f - 3. What is c(3)?
-12
Let i(o) = -5*o. What is i(7)?
-35
Let n(a) = -2*a - 13. Determine n(-11).
9
Let u(b) = b**3 - 9*b**2 - 24*b + 20. Give u(11).
-2
Let c(a) = 2*a**2 + 54*a + 54. Determine c(-26).
2
Let n(d) = -d**2 + d + 7. Determine n(-10).
-103
Let m(l) = -l**2 + 5*l. Calculate m(3).
6
Let k(f) = f**3 - 7*f**2 - 22*f + 35. Calculate k(9).
-1
Let r(a) = 7*a**2. Give r(1).
7
Let a(i) = -i**3 - 8*i**2 + 5*i + 8. Give a(-7).
-76
Let l(f) = -5*f - 9. Give l(-3).
6
Let r(t) = -4*t**3 - t**2 + 9*t - 2. What is r(2)?
-20
Let z(f) = f**3 + 6*f**2 + 6*f - 2. Calculate z(-5).
-7
Let j(d) = -d**3 + 10*d**2 - d - 8. Determine j(10).
-18
Let m(y) = -y**2 + 7*y + 5. Give m(7).
5
Let l(y) = 2*y**3 - 2*y**2 + 4*y - 4. Give l(-3).
-88
Let r(y) = y**3 - 4*y**2 - 57*y + 8. Give r(-6).
-10
Let s(c) = -8*c - 54. Calculate s(-8).
10
Let w(y) = -y**2 + 3*y - 6. Calculate w(2).
-4
Let v(u) = 8*u + 58. What is v(-7)?
2
Let m(o) = -o**3 + 11*o**2 + 5*o + 14. Calculate m(12).
-70
Let h(b) = -b**2 - 22*b - 17. Calculate h(-20).
23
Let g(q) = q**3 + 3*q**2 - 4*q - 7. Calculate g(-2).
5
Let v(r) = r**2 + 16. Calculate v(0).
16
Let k(w) = -w**3 - 4*w**2 + 4*w + 3. Calculate k(-5).
8
Let t(p) = p - 13. Determine t(15).
2
Let i(r) = -3*r + 52. Determine i(18).
-2
Let j(k) = k**3 + 4*k**2 - 2*k + 4. Determine j(-5).
-11
Let i(a) = -5*a + 317. Determine i(63).
2
Let s(l) = -5*l + 10. Give s(3).
-5
Let y(f) = -f - 14. What is y(-12)?
-2
Let k(t) = -t**2 - 2*t + 64. What is k(-9)?
1
Let g(k) = 2*k**3 - 13*k**2 + 14*k - 60. Give g(6).
-12
Let j(i) = -i**3 + 4*i**2 + 7*i + 1. Give j(-3).
43
Let g(h) = -h**3 + 9*h**2 - 15*h + 3. Determine g(5).
28
Let v(k) = -k**2 + 6*k - 7. What is v(3)?
2
Let p(m) = 5*m + 10. Calculate p(-4).
-10
Let o(h) = h**2 - 11*h - 6. Determine o(5).
-36
Let o(x) = -x**3 - 51*x**2 - 45*x + 246. Give o(-50).
-4
Let q(b) = b**3 + 3*b**2 - 8*b + 1. Calculate q(-4).
17
Let a(d) = -d**3 + 52*d**2 + 50*d + 166. Determine a(53).
7
Let g(h) = 2*h**2 - 47*h + 27. What is g(23)?
4
Let p(u) = 9*u - 5. Give p(7).
58
Let c(v) = -v**2 + 20*v - 44. Determine c(20).
-44
Let z(f) = -f**3 - 7*f**2 + 10*f + 21. Calculate z(-8).
5
Let x(g) = -g**3 + g + 47. Calculate x(0).
47
Let l(y) = 4*y + 1. Give l(2).
9
Let y(m) = 2*m**2 + 7*m - 10. What is y(5)?
75
Let n(a) = 10*a. Determine n(1).
10
Let k(i) = i**2 + 8*i + 5. Determine k(-6).
-7
Let o(d) = d**3 - d**2 - d. Determine o(2).
2
Let p(c) = c**2 - 39*c + 203. Calculate p(33).
5
Let l(p) = 6*p - 53. What is l(-8)?
-101
Let v(s) = -s**3 - 4*s**2 - 8*s - 7. Determine v(-3).
8
Let j(y) = -y - 35. Determine j(-27).
-8
Let l(y) = -20*y**3 + 2*y**2 + y. Determine l(-1).
21
Let p(h) = -h**3 - 6*h**2 + 2*h + 9. Calculate p(-6).
-3
Let a(p) = -p**2 - 2*p + 6. Calculate a(3).
-9
Let h(c) = -2*c**2 + 7*c - 6. Determine h(3).
-3
Let s(n) = -5*n**2 - 3. Determine s(2).
-23
Let t(x) = x**3 - 5*x**2 - 3*x - 10. Determine t(3).
-37
Let t(y) = 28*y + 1. Calculate t(-1).
-27
Let v(y) = y**3 + 6*y**2 - 19*y - 17. Determine v(-8).
7
Let a(b) = 2*b**3 + 26*b**2 + 13*b + 14. Determine a(-12).
146
Let j(p) = p**3 - 8*p**2 + 4*p + 4. Calculate j(7).
-17
Let a(v) = v**3 - 6*v**2 + 8*v - 10. Give a(7).
95
Let s(a) = 32*a**2 + 225*a + 17. Calculate s(-7).
10
Let c(h) = 6*h - 66. Determine c(9).
-12
Let r(j) = -2*j**2 - 5*j - 2. Determine r(-3).
-5
Let m(y) = 9*y + 21. Calculate m(8).
93
Let q(b) = -2*b + 1. What is q(-6)?
13
Let z(h) = 3*h**2 - 2*h - 4. Give z(-3).
29
Let j(t) = t**3 + t**2 + t + 1. Calculate j(-1).
0
Let h(n) = 4*n - 55. Calculate h(13).
-3
Let a(j) = 16*j + 33. Give a(-3).
-15
Let b(x) = x**3 - 11*x**2 + 19*x - 11. Calculate b(9).
-2
Let w(h) = h**2 + 2. Give w(-8).
66
Let j(h) = h**2 - 2*h + 38. What is j(0)?
38
Let p(q) = -2*q**3 - 3*q**2 - 2*q - 2. Determine p(-3).
31
Let h(k) = -k**3 + 3*k**2 + 2*k + 8. What is h(4)?
0
Let i(o) = -o**2 - 12*o + 17. What is i(-13)?
4
Let i(w) = w**3 + 5*w**2 + 4*w + 2. Calculate i(-2).
6
Let x(h) = h - 16. Give x(10).
-6
Let y(t) = -7*t - 144. Give y(-22).
10
Let k(b) = -3*b + 140. Give k(33).
41
Let w(b) = b**3 + 10*b**2 - 10*b - 10. What is w(-11)?
-21
Let x(m) = 185*m + 553. Determine x(-3).
-2
Let n(z) = -z**2 + 3*z + 8. Determine n(6).
-10
Let q(n) = -2*n**3 - 3*n**2 - n - 2. Calculate q(-2).
4
Let m(t) = -t**3 + 7*t**2 + 7*t - 2. Determine m(8).
-10
Let p(m) = 4*m**3 + m**2. Give p(1).
5
Let l(w) = 2*w**3 + w**2 - 2*w + 1. Calculate l(2).
17
Let a(r) = 3*r - 14. Calculate a(6).
4
Let q(n) = n**2 + 7*n - 45. What is q(4)?
-1
Let u(y) = -y**2 + 2*y + 4